culate the highest common divisor of 320 and 3509630.
10
Calculate the highest common factor of 54231399 and 15.
3
What is the greatest common factor of 3076668 and 5742?
522
Calculate the greatest common factor of 1487812 and 455664.
3452
Calculate the greatest common factor of 5377 and 35663.
19
What is the greatest common divisor of 386 and 9940079?
193
Calculate the highest common factor of 7664928 and 768.
96
Calculate the highest common factor of 94124010 and 219.
219
What is the highest common divisor of 473856 and 154608?
48
Calculate the highest common divisor of 3435 and 960285.
15
What is the greatest common factor of 765 and 16222905?
45
Calculate the greatest common factor of 636 and 10056432.
636
What is the highest common divisor of 4829924 and 11?
11
Calculate the highest common factor of 6738049 and 22525.
53
Calculate the highest common divisor of 22729421 and 143.
143
What is the highest common divisor of 19178 and 201146?
446
Calculate the greatest common factor of 3356931 and 8358.
597
Calculate the greatest common divisor of 198 and 461825364.
66
What is the highest common factor of 983488 and 104?
8
What is the highest common divisor of 136802 and 1323044?
1874
Calculate the greatest common factor of 6453143 and 2469.
823
What is the highest common divisor of 2432 and 65748664?
152
What is the greatest common divisor of 30104906 and 24986?
806
Calculate the highest common divisor of 15241879 and 593.
593
What is the highest common divisor of 1859 and 608400?
169
What is the highest common divisor of 6 and 860186?
2
What is the greatest common factor of 15 and 40528560?
15
What is the highest common divisor of 22231 and 5889664?
517
What is the greatest common factor of 20966936 and 101144?
2152
Calculate the highest common factor of 1062 and 96144.
6
What is the highest common factor of 989021 and 111155?
517
Calculate the greatest common factor of 2082844 and 7160.
716
Calculate the greatest common factor of 15225160 and 1420.
20
Calculate the greatest common factor of 744 and 134961456.
24
What is the highest common factor of 1793896 and 423?
47
Calculate the highest common divisor of 99333 and 37791.
117
Calculate the highest common divisor of 6875661 and 39.
39
Calculate the greatest common factor of 413 and 7131271.
413
Calculate the highest common factor of 7038 and 32657238.
306
What is the highest common factor of 7533526 and 572?
286
What is the greatest common divisor of 42277 and 1411547?
631
What is the greatest common divisor of 350484 and 7212?
12
Calculate the greatest common divisor of 18728 and 418.
2
Calculate the highest common factor of 153 and 90987179.
17
Calculate the highest common divisor of 26324778 and 25896.
498
What is the highest common factor of 513804438 and 105?
21
Calculate the highest common factor of 184355 and 225.
5
What is the greatest common factor of 715 and 9453795?
65
Calculate the highest common factor of 779 and 6084318.
41
Calculate the highest common divisor of 245061 and 85410.
657
What is the greatest common factor of 1416 and 1970482?
118
Calculate the greatest common factor of 6115096 and 2470.
26
What is the highest common divisor of 87312 and 30204816?
5136
Calculate the highest common divisor of 188413 and 21868902.
6497
What is the highest common factor of 2656 and 30607163?
83
Calculate the greatest common divisor of 1271420 and 246130.
1510
Calculate the highest common divisor of 68316 and 3324.
12
Calculate the highest common divisor of 142010 and 8382.
22
Calculate the highest common factor of 1364392 and 12992.
232
Calculate the greatest common divisor of 20477321 and 797.
797
Calculate the greatest common divisor of 876 and 833971856.
292
Calculate the highest common divisor of 23 and 31661662.
23
What is the highest common divisor of 2686492888 and 9742?
9742
Calculate the greatest common divisor of 1287 and 7517796.
429
What is the highest common factor of 123 and 483523783?
41
What is the highest common factor of 56677210 and 50?
10
What is the greatest common factor of 118712 and 5430293?
781
What is the greatest common factor of 282 and 4153954?
94
Calculate the highest common factor of 1047318 and 1558.
38
What is the greatest common divisor of 262108075 and 16300?
4075
What is the highest common divisor of 45600 and 1621650?
2850
What is the greatest common factor of 37 and 34296595?
37
Calculate the greatest common factor of 57783 and 39831.
561
What is the greatest common factor of 214030910 and 824?
206
Calculate the highest common factor of 12040 and 576938740.
6020
Calculate the greatest common divisor of 182014 and 10542.
14
Calculate the greatest common factor of 2628 and 1283838.
6
What is the greatest common factor of 59569941 and 8205?
1641
What is the highest common factor of 45304 and 184?
8
What is the greatest common factor of 453038 and 1693600?
4234
Calculate the greatest common divisor of 4270 and 4667720.
610
What is the greatest common factor of 25 and 1698468325?
25
What is the greatest common divisor of 252 and 459879252?
84
Calculate the highest common factor of 30 and 7694970.
30
What is the greatest common divisor of 72787 and 3597?
11
Calculate the highest common factor of 3138143 and 7567.
1081
What is the highest common factor of 526175 and 150?
25
Calculate the greatest common divisor of 183 and 1680611.
61
What is the greatest common factor of 28593 and 2308338?
81
What is the greatest common factor of 512328 and 961?
1
Calculate the highest common divisor of 9084 and 974.
2
What is the greatest common divisor of 106 and 5895826?
106
Calculate the highest common divisor of 1352 and 3957096.
104
What is the highest common factor of 23912 and 118629?
49
What is the greatest common divisor of 6191525 and 1775?
25
Calculate the greatest common factor of 2604492 and 26829.
99
What is the highest common factor of 52 and 165036222?
26
Calculate the highest common divisor of 75 and 23335425.
75
What is the highest common factor of 47573 and 9854617?
113
Calculate the highest common divisor of 1651 and 10762869.
1651
Calculate the highest common divisor of 3219 and 133516.
29
What is the highest common divisor of 5038775 and 175?
175
Calculate the highest common factor of 949 and 2199379.
13
What is the greatest common divisor of 336528 and 2340?
36
What is the highest common factor of 71790 and 103350?
30
Calculate the highest common factor of 3820 and 121405.
5
What is the highest common divisor of 855342 and 2351022?
4674
Calculate the highest common divisor of 13883895 and 725.
145
What is the greatest common divisor of 2540 and 165470?
10
Calculate the highest common factor of 1080975 and 22417.
29
What is the greatest common factor of 9951 and 303131?
107
Calculate the highest common factor of 15530610 and 31995.
1185
Calculate the greatest common factor of 12760 and 109039304.
2552
What is the highest common factor of 13843787 and 1985?
397
What is the highest common factor of 1146 and 560514?
6
Calculate the highest common factor of 245 and 1056615.
35
Calculate the greatest common divisor of 3276 and 30294992.
364
Calculate the greatest common divisor of 2212 and 101444.
28
What is the highest common divisor of 58 and 283163366?
58
Calculate the greatest common factor of 260 and 190788.
52
Calculate the greatest common divisor of 1022468958 and 36.
18
What is the highest common factor of 370 and 23596010?
370
What is the greatest common divisor of 4743198 and 51858?
1206
Calculate the greatest common factor of 78 and 796920.
6
Calculate the highest common factor of 34302595 and 661.
661
Calculate the greatest common factor of 18208 and 15092156.
2276
What is the highest common divisor of 188 and 96405836?
188
Calculate the highest common factor of 19 and 2291383109.
19
What is the greatest common factor of 5567 and 907988834?
5567
What is the greatest common factor of 150880 and 15320?
40
Calculate the greatest common factor of 567615 and 2688765.
1185
Calculate the highest common factor of 14 and 55297466.
14
Calculate the highest common divisor of 20876 and 40052.
68
Calculate the highest common factor of 4554 and 54688526.
46
Calculate the highest common divisor of 61050 and 266178.
2442
What is the greatest common fa